{"id":58,"date":"2016-05-03T15:12:20","date_gmt":"2016-05-03T13:12:20","guid":{"rendered":"http:\/\/neu.heckhausen-der-ruhestandsplaner.de\/?page_id=58"},"modified":"2016-05-03T15:12:20","modified_gmt":"2016-05-03T13:12:20","slug":"ethische-grundsaetze","status":"publish","type":"page","link":"https:\/\/www.heckhausen-der-ruhestandsplaner.de\/?page_id=58","title":{"rendered":"Ethische Grunds\u00e4tze"},"content":{"rendered":"<ol>\n<li>Ich betreue und begleite meine Kunden, mache ihre Ziele zu meinen eigenen und sorge kontinuierlich daf\u00fcr, diese Ziele zu verwirklichen.<\/li>\n<li>Ich bin bereit, das Wohl meiner Kunden \u00fcber meinen Verkaufserfolg zu stellen. Ich &#8222;drehe&#8220; niemandem etwas an.<\/li>\n<li>Ich verkaufe nur wirklich erfolgversprechende Produkte und Konzepte, mit denen meine Kunden ihre pers\u00f6nlichen Ziele erreichen k\u00f6nnen. Dabei steht im Vordergrund das Ziel, sp\u00e4testens im Rentenalter finanziell unabh\u00e4ngig leben zu k\u00f6nnen.<\/li>\n<li>Anlage- und anlegergerechte Beratung. Ich kl\u00e4re meine Kunden konsequent \u00fcber Chancen und Risiken, \u00fcber Eigenschaften der vorgeschlagenen L\u00f6sungen und \u00fcber deren Auswirkungen auf. Ich informiere \u00fcber die verschiedenen Anlageklassen und deren Eigenschaften, bis meine Kunden auch selbst mitentscheiden k\u00f6nnen, welche Ma\u00dfnahmen in ihrer Situation erforderlich werden, um die vorgegebenen Ziele erreichen zu k\u00f6nnen.<\/li>\n<li>Ich zeige meinen Kunden die vorgeschlagenen Konzepte oder Produkte in einfacher Form; sollten sie dennoch nicht verstanden werden, verkaufe ich nichts.<\/li>\n<li>Wenn meine Kunden Konzepte oder Produkte kaufen wollen, die ich selber in ihrer Situation nicht kaufen w\u00fcrde, so setze ich mich intensiv daf\u00fcr ein, dass sie vor Fehlentscheidungen bewahrt werden. Gegebenenfalls lasse ich die Kunden unterschreiben, dass ich abgeraten habe.<\/li>\n<li>Ich empfehle die Aufl\u00f6sung von bestehenden Produkten nur dann, wenn echte langfristige Vorteile f\u00fcr diese Ma\u00dfnahme sprechen, nie zum Schaden des Kunden.<\/li>\n<li>Ich sorge daf\u00fcr, dass ich f\u00fcr meine Leistungen auch entsprechend verg\u00fctet werde. Ich nehme keine Auftr\u00e4ge an, mit denen ich nicht mindestens meinen erforderlichen Deckungsbeitrag erzielen kann, es sei denn ich h\u00e4tte soziale Gr\u00fcnde daf\u00fcr, mich anders zu entscheiden.<\/li>\n<\/ol>\n","protected":false},"excerpt":{"rendered":"<p>Ich betreue und begleite meine Kunden, mache ihre Ziele zu meinen eigenen und sorge kontinuierlich daf\u00fcr, diese Ziele zu verwirklichen. Ich bin bereit, das Wohl meiner Kunden \u00fcber meinen Verkaufserfolg zu stellen. Ich &#8222;drehe&#8220; niemandem etwas an. Ich verkaufe nur wirklich erfolgversprechende Produkte und Konzepte, mit denen meine Kunden ihre pers\u00f6nlichen Ziele erreichen k\u00f6nnen. Dabei &#8230; <a title=\"Ethische Grunds\u00e4tze\" class=\"read-more\" href=\"https:\/\/www.heckhausen-der-ruhestandsplaner.de\/?page_id=58\" aria-label=\"Mehr Informationen \u00fcber Ethische Grunds\u00e4tze\">Weiterlesen<\/a><\/p>\n","protected":false},"author":1,"featured_media":0,"parent":0,"menu_order":0,"comment_status":"closed","ping_status":"closed","template":"","meta":{"footnotes":""},"class_list":["post-58","page","type-page","status-publish"],"_links":{"self":[{"href":"https:\/\/www.heckhausen-der-ruhestandsplaner.de\/index.php?rest_route=\/wp\/v2\/pages\/58","targetHints":{"allow":["GET"]}}],"collection":[{"href":"https:\/\/www.heckhausen-der-ruhestandsplaner.de\/index.php?rest_route=\/wp\/v2\/pages"}],"about":[{"href":"https:\/\/www.heckhausen-der-ruhestandsplaner.de\/index.php?rest_route=\/wp\/v2\/types\/page"}],"author":[{"embeddable":true,"href":"https:\/\/www.heckhausen-der-ruhestandsplaner.de\/index.php?rest_route=\/wp\/v2\/users\/1"}],"replies":[{"embeddable":true,"href":"https:\/\/www.heckhausen-der-ruhestandsplaner.de\/index.php?rest_route=%2Fwp%2Fv2%2Fcomments&post=58"}],"version-history":[{"count":1,"href":"https:\/\/www.heckhausen-der-ruhestandsplaner.de\/index.php?rest_route=\/wp\/v2\/pages\/58\/revisions"}],"predecessor-version":[{"id":60,"href":"https:\/\/www.heckhausen-der-ruhestandsplaner.de\/index.php?rest_route=\/wp\/v2\/pages\/58\/revisions\/60"}],"wp:attachment":[{"href":"https:\/\/www.heckhausen-der-ruhestandsplaner.de\/index.php?rest_route=%2Fwp%2Fv2%2Fmedia&parent=58"}],"curies":[{"name":"wp","href":"https:\/\/api.w.org\/{rel}","templated":true}]}}