{"id":30,"date":"2016-05-03T14:51:32","date_gmt":"2016-05-03T12:51:32","guid":{"rendered":"http:\/\/neu.heckhausen-der-ruhestandsplaner.de\/?page_id=30"},"modified":"2016-05-03T16:06:11","modified_gmt":"2016-05-03T14:06:11","slug":"was-kunden-sagen","status":"publish","type":"page","link":"https:\/\/www.heckhausen-der-ruhestandsplaner.de\/?page_id=30","title":{"rendered":"Was Kunden sagen"},"content":{"rendered":"<h5><a href=\"https:\/\/www.whofinance.de\/berater\/hans-josef-heckhausen\/\" target=\"_blank\">Referenzen Online (WhoFinance) &gt;&gt; hier klicken<\/a><\/h5>\n<p>hier noch einige im Original (pdf)<\/p>\n<div id=\"center\">\n<div>\n<div id=\"c232\" class=\"csc-default\">\n<ul>\n<li><a class=\"download\" href=\"https:\/\/www.heckhausen-der-ruhestandsplaner.de\/wp-content\/uploads\/2016\/05\/201002_Stefan_Ute_Klosk.pdf\" target=\"_blank\"><span style=\"font-family: Arial,sans-serif;\"><img loading=\"lazy\" decoding=\"async\" src=\"http:\/\/typo31.netbase-datentechnik.de\/typo3\/sysext\/rtehtmlarea\/res\/accessibilityicons\/img\/download.gif\" alt=\"Leitet Herunterladen der Datei ein\" width=\"14\" height=\"10\" \/>Ute und Stefan Kloske, Schmallenberg<\/span><\/a><\/li>\n<li><a class=\"download\" href=\"https:\/\/www.heckhausen-der-ruhestandsplaner.de\/wp-content\/uploads\/2016\/05\/080601_Dr_Gabriele_Keil_Kuerten.pdf\" target=\"_blank\"><span style=\"font-family: Arial,sans-serif;\"><img loading=\"lazy\" decoding=\"async\" src=\"http:\/\/typo31.netbase-datentechnik.de\/typo3\/sysext\/rtehtmlarea\/res\/accessibilityicons\/img\/download.gif\" alt=\"Leitet Herunterladen der Datei ein\" width=\"14\" height=\"10\" \/>Dr. Gabriele Keil, K\u00fcrten<\/span><\/a><\/li>\n<li><a class=\"download\" href=\"https:\/\/www.heckhausen-der-ruhestandsplaner.de\/wp-content\/uploads\/2016\/05\/080416_Theo_Tsavdaris_Neuss.pdf\" target=\"_blank\"><span style=\"font-family: Arial,sans-serif;\"><img loading=\"lazy\" decoding=\"async\" src=\"http:\/\/typo31.netbase-datentechnik.de\/typo3\/sysext\/rtehtmlarea\/res\/accessibilityicons\/img\/download.gif\" alt=\"Leitet Herunterladen der Datei ein\" width=\"14\" height=\"10\" \/>Theo Tsavdaris, Neuss<\/span><\/a><\/li>\n<li><a class=\"download\" href=\"https:\/\/www.heckhausen-der-ruhestandsplaner.de\/wp-content\/uploads\/2016\/05\/071214_Rolf_Winkeler__Neuss-Holzheim.pdf\" target=\"_blank\"><span style=\"font-family: Arial,sans-serif;\"><img loading=\"lazy\" decoding=\"async\" src=\"http:\/\/typo31.netbase-datentechnik.de\/typo3\/sysext\/rtehtmlarea\/res\/accessibilityicons\/img\/download.gif\" alt=\"Leitet Herunterladen der Datei ein\" width=\"14\" height=\"10\" \/>Rolf Winkeler, Neuss-Holzheim<\/span><\/a><\/li>\n<li><a class=\"download\" href=\"https:\/\/www.heckhausen-der-ruhestandsplaner.de\/wp-content\/uploads\/2016\/05\/071115_Juergen_Hoerner_GmbH__Hilden.pdf\" target=\"_blank\"><span style=\"font-family: Arial,sans-serif;\"><img loading=\"lazy\" decoding=\"async\" src=\"http:\/\/typo31.netbase-datentechnik.de\/typo3\/sysext\/rtehtmlarea\/res\/accessibilityicons\/img\/download.gif\" alt=\"Leitet Herunterladen der Datei ein\" width=\"14\" height=\"10\" \/>J\u00fcrgen H\u00f6rner GmbH, Hilden<\/span><\/a><\/li>\n<li><a class=\"download\" href=\"https:\/\/www.heckhausen-der-ruhestandsplaner.de\/wp-content\/uploads\/2016\/05\/080930_Thilo_Zimmermann__Holzheim.pdf\" target=\"_blank\"><span style=\"font-family: Arial,sans-serif;\"><img loading=\"lazy\" decoding=\"async\" src=\"http:\/\/typo31.netbase-datentechnik.de\/typo3\/sysext\/rtehtmlarea\/res\/accessibilityicons\/img\/download.gif\" alt=\"Leitet Herunterladen der Datei ein\" width=\"14\" height=\"10\" \/>Thilo Zimmermann, Holzheim<\/span><\/a><\/li>\n<\/ul>\n<\/div>\n<div id=\"c230\" class=\"csc-default\">\n<div class=\"csc-textpic csc-textpic-intext-left-nowrap\">\n<div class=\"csc-textpic-imagewrap csc-textpic-single-image\"><\/div>\n<div class=\"csc-textpic-imagewrap csc-textpic-single-image\"><\/div>\n<div class=\"csc-textpic-imagewrap csc-textpic-single-image\"><a href=\"http:\/\/www.bvmw.de\/\" target=\"_blank\"><img loading=\"lazy\" decoding=\"async\" src=\"http:\/\/typo31.netbase-datentechnik.de\/uploads\/pics\/bvmw_01.gif\" alt=\"\" width=\"172\" height=\"88\" border=\"0\" \/><\/a><\/div>\n<div>\n<div class=\"csc-textpic-text\">\n<p class=\"bodytext\">Mitglied im BVMW\u00a0<span class=\"Apple-converted-space\">\u00a0<\/span><a href=\"http:\/\/www.bvmw.de\/\" target=\"_blank\">www.bvmw.de<\/a><\/p>\n<\/div>\n<\/div>\n<\/div>\n<div class=\"csc-textpic-clear\"><\/div>\n<\/div>\n<\/div>\n<\/div>\n","protected":false},"excerpt":{"rendered":"<p>Referenzen Online (WhoFinance) &gt;&gt; hier klicken hier noch einige im Original (pdf) Ute und Stefan Kloske, Schmallenberg Dr. Gabriele Keil, K\u00fcrten Theo Tsavdaris, Neuss Rolf Winkeler, Neuss-Holzheim J\u00fcrgen H\u00f6rner GmbH, Hilden Thilo Zimmermann, Holzheim Mitglied im BVMW\u00a0\u00a0www.bvmw.de<\/p>\n","protected":false},"author":1,"featured_media":0,"parent":0,"menu_order":0,"comment_status":"closed","ping_status":"closed","template":"","meta":{"footnotes":""},"class_list":["post-30","page","type-page","status-publish"],"_links":{"self":[{"href":"https:\/\/www.heckhausen-der-ruhestandsplaner.de\/index.php?rest_route=\/wp\/v2\/pages\/30","targetHints":{"allow":["GET"]}}],"collection":[{"href":"https:\/\/www.heckhausen-der-ruhestandsplaner.de\/index.php?rest_route=\/wp\/v2\/pages"}],"about":[{"href":"https:\/\/www.heckhausen-der-ruhestandsplaner.de\/index.php?rest_route=\/wp\/v2\/types\/page"}],"author":[{"embeddable":true,"href":"https:\/\/www.heckhausen-der-ruhestandsplaner.de\/index.php?rest_route=\/wp\/v2\/users\/1"}],"replies":[{"embeddable":true,"href":"https:\/\/www.heckhausen-der-ruhestandsplaner.de\/index.php?rest_route=%2Fwp%2Fv2%2Fcomments&post=30"}],"version-history":[{"count":19,"href":"https:\/\/www.heckhausen-der-ruhestandsplaner.de\/index.php?rest_route=\/wp\/v2\/pages\/30\/revisions"}],"predecessor-version":[{"id":93,"href":"https:\/\/www.heckhausen-der-ruhestandsplaner.de\/index.php?rest_route=\/wp\/v2\/pages\/30\/revisions\/93"}],"wp:attachment":[{"href":"https:\/\/www.heckhausen-der-ruhestandsplaner.de\/index.php?rest_route=%2Fwp%2Fv2%2Fmedia&parent=30"}],"curies":[{"name":"wp","href":"https:\/\/api.w.org\/{rel}","templated":true}]}}